11 divide 352?
True
Is 8 a factor of 15632?
True
Is 45607 a multiple of 10?
False
Is 516 a multiple of 12?
True
Is 16016 a multiple of 104?
True
Does 17 divide 1203?
False
Does 31 divide 4185?
True
Is 212 a multiple of 3?
False
Is 3 a factor of 2499?
True
Is 31 a factor of 17670?
True
Is 1815 a multiple of 55?
True
Is 1008 a multiple of 21?
True
Is 304 a multiple of 8?
True
Is 36012 a multiple of 12?
True
Is 6544 a multiple of 16?
True
Is 9 a factor of 189?
True
Is 12404 a multiple of 2?
True
Is 2088 a multiple of 36?
True
Does 39 divide 3920?
False
Is 33 a factor of 1947?
True
Is 23 a factor of 10741?
True
Is 15686 a multiple of 23?
True
Does 20 divide 3060?
True
Is 3672 a multiple of 18?
True
Does 27 divide 3359?
False
Is 6 a factor of 2442?
True
Does 81 divide 3159?
True
Is 51 a multiple of 17?
True
Is 1149 a multiple of 11?
False
Is 58 a factor of 3074?
True
Does 17 divide 4624?
True
Is 18 a factor of 549?
False
Does 22 divide 110?
True
Is 465 a multiple of 15?
True
Is 84 a factor of 588?
True
Is 25876 a multiple of 47?
False
Is 83 a factor of 1079?
True
Is 13 a factor of 10010?
True
Is 81 a factor of 26973?
True
Is 820 a multiple of 20?
True
Is 920 a multiple of 16?
False
Is 5183 a multiple of 17?
False
Is 291 a multiple of 3?
True
Is 129 a multiple of 43?
True
Is 86 a factor of 1548?
True
Is 15 a factor of 13270?
False
Does 2 divide 567?
False
Does 31 divide 4136?
False
Is 473 a factor of 96987?
False
Is 21 a factor of 278?
False
Does 12 divide 1201?
False
Is 12218 a multiple of 54?
False
Is 19 a factor of 23544?
False
Is 25217 a multiple of 4?
False
Is 4464 a multiple of 48?
True
Is 29 a factor of 6960?
True
Is 18 a factor of 76?
False
Is 1272 a multiple of 53?
True
Is 40130 a multiple of 25?
False
Does 21 divide 9597?
True
Is 3250 a multiple of 65?
True
Is 60 a factor of 660?
True
Is 35548 a multiple of 28?
False
Is 24024 a multiple of 22?
True
Is 342 a multiple of 19?
True
Is 4875 a multiple of 8?
False
Is 240 a multiple of 10?
True
Is 13065 a multiple of 8?
False
Is 9 a factor of 1276?
False
Is 81 a factor of 4210?
False
Does 5 divide 2330?
True
Does 33 divide 4198?
False
Does 8 divide 3160?
True
Is 5200 a multiple of 100?
True
Does 40 divide 3621?
False
Is 11 a factor of 927?
False
Is 44 a factor of 484?
True
Does 3 divide 1415?
False
Is 6 a factor of 556?
False
Does 20 divide 3404?
False
Is 30224 a multiple of 6?
False
Is 191 a multiple of 105?
False
Does 58 divide 8932?
True
Is 3 a factor of 1689?
True
Is 136 a factor of 75815?
False
Is 12977 a multiple of 49?
False
Is 16 a factor of 84?
False
Is 15 a factor of 1495?
False
Is 4 a factor of 9031?
False
Is 4185 a multiple of 9?
True
Does 10 divide 30743?
False
Is 30980 a multiple of 171?
False
Is 132 a factor of 2508?
True
Does 63 divide 4919?
False
Is 25 a factor of 183?
False
Is 12 a factor of 2769?
False
Is 2 a factor of 105?
False
Is 390 a multiple of 36?
False
Is 44 a factor of 114748?
False
Is 43 a factor of 28853?
True
Does 14 divide 2422?
True
Is 58528 a multiple of 118?
True
Is 34903 a multiple of 61?
False
Is 17440 a multiple of 131?
False
Does 268 divide 39128?
True
Is 170 a factor of 57933?
False
Is 133 a factor of 5240?
False
Does 60 divide 2004?
False
Is 423 a multiple of 17?
False
Is 1651 a multiple of 13?
True
Is 39 a factor of 5276?
False
Is 15 a factor of 2081?
False
Is 28066 a multiple of 23?
False
Is 66 a factor of 66?
True
Is 49 a factor of 12936?
True
Is 34 a factor of 124644?
True
Does 19 divide 18050?
True
Is 17 a factor of 77419?
False
Is 8 a factor of 2871?
False
Is 3844 a multiple of 62?
True
Is 11 a factor of 1045?
True
Is 10 a factor of 98?
False
Is 903 a multiple of 76?
False
Does 26 divide 3253?
False
Does 21 divide 1573?
False
Is 19 a factor of 1743?
False
Is 685 a multiple of 28?
False
Is 4 a factor of 1541?
False
Does 9 divide 2655?
True
Is 5719 a multiple of 17?
False
Is 36 a factor of 6732?
True
Does 4 divide 3205?
False
Is 15 a factor of 6200?
False
Is 37797 a multiple of 8?
False
Is 64 a factor of 2944?
True
Is 11 a factor of 2188?
False
Is 12684 a multiple of 3?
True
Is 48 a factor of 450?
False
Does 56 divide 1680?
True
Is 4 a factor of 3780?
True
Is 466 a multiple of 41?
False
Is 366 a multiple of 3?
True
Is 462 a multiple of 115?
False
Is 6 a factor of 3772?
False
Is 42188 a multiple of 25?
False
Is 205 a factor of 62525?
True
Is 26 a factor of 1418?
False
Does 20 divide 3240?
True
Is 1163 a multiple of 25?
False
Is 324 a multiple of 9?
True
Does 13 divide 521?
False
Is 1938 a multiple of 57?
True
Is 8814 a multiple of 39?
True
Is 977 a multiple of 145?
False
Does 17 divide 49045?
True
Is 167 a factor of 5435?
False
Is 38 a factor of 47272?
True
Is 167 a factor of 8114?
False
Is 13 a factor of 806?
True
Does 12 divide 492?
True
Is 552 a multiple of 23?
True
Is 23 a factor of 4782?
False
Is 16 a factor of 3801?
False
Does 3 divide 351?
True
Is 25 a factor of 91000?
True
Is 6 a factor of 1314?
True
Does 15 divide 60?
True
Is 12 a factor of 44619?
False
Is 6 a factor of 214?
False
Does 47 divide 17249?
True
Is 126 a factor of 756?
True
Is 671 a multiple of 10?
False
Is 70746 a multiple of 76?
False
Is 7 a factor of 665?
True
Is 14 a factor of 2492?
True
Does 134 divide 2663?
False
Is 1425 a multiple of 95?
True
Is 7889 a multiple of 70?
False
Is 12096 a multiple of 64?
True
Is 4 a factor of 2027?
False
Is 7 a factor of 308?
True
Is 4 a factor of 4410?
False
Does 5 divide 32722?
False
Is 84 a factor of 6888?
True
Is 347 even?
False
Does 3 divide 225?
True
Does 5 divide 490?
True
Does 7 divide 413?
True
Is 16 a factor of 928?
True
Does 13 divide 14573?
True
Is 221 a factor of 20111?
True
Is 17 a factor of 1311?
False
Does 29 divide 1763?
False
Is 1685 a multiple of 27?
False
Does 56 divide 9390?
False
Is 1403 a multiple of 61?
True
Does 31 divide 26177?
False
Is 11000 a multiple of 125?
True
Does 3 divide 2364?
True
Does 22 divide 792?
True
Does 60 divide 1230?
False
Is 689 a multiple of 36?
False
Is 14 a factor of 3033?
False
Is 533 a multiple of 22?
False
Does 13 divide 566?
False
Is 30756 a multiple of 33?
True
Is 37675 a multiple of 12?
False
Is 56385 a multiple of 105?
True
Is 3288 a multiple of 162?
False
Does 19 divide 1026?
True
Is 6900 a multiple of 15?
True
Is 3 a factor of 243?
True
Is 3 a factor of 396?
True
Is 20566 a multiple of 113?
True
Does 8 divide 1376?
True
Is 1225 a multiple of 25?
True
Is 30 a multiple of 3?
True
Is 256 a multiple of 16?
True
Does 9 divide 1476?
True
Does 48 divide 6096?
True
Is 34265 a multiple of 45?
False
Is 6260 a multiple of 4?
True
Is 2022 a multiple of 10?
False
Does 28 divide 3696?
True
Is 616 a multiple of 77?
True
Is 894 a multiple of 52?
False
Is 6 a factor of 12337?
False
Is 5 a factor of 1435?
True
Is 37 a factor of 20831?
True
Is 6 a factor of 1806?
True
Is 266 a multiple of 7?
True
Is 67 a factor of 26666?
True
Does 12 divide 660?
True
Is 28 a factor of 10285?
False
Is 6 a factor of 10210?
False
Is 654 even?
True
Is 75 a factor of 2478?
False
Is 1830 a multiple of 10?
True
Does 116 divide 10998?
False
Does 63 divide 1503?
False
Is 167 a factor of 4008?
True
Is 867 a multiple of 35?
False
Is 132 a factor of 14784?
True
Is 12138 a multiple of 51?
True
Is 58 a factor of 16947?
False
Does 24 divide 23747?
False
Is 3 a factor of 149?
False
Is 54 a multiple of 17?
False
Is 41 a factor of 4744?
False
Is 9 a factor of 25326?
True
Is 12182 a multiple of 13?
False
Does 5 divide 760?
True
Is 244 a factor of 178792?
False
Does 14 divide 679?
False
Is 2144 a multiple of 67?
True
Does 14 divide 350?
True
Is 603 a multiple of 24?
False
Does 9 divide 4766?
False
Does 17 divide 11806?
False
Is 1252 a multiple of 7?
False
Is 11598 a multiple of 14?
False
Does 87 divide 15660?
True
Is 1012 a multiple of 92?
True
Is 740 a multiple of 5?
True
Is 20875 a multiple of 25?
True
Is 9253 a multiple of 28?
False
Is 40330 a multiple of 31?
False
Does 82 divide 26146?
False
Does 9 divide 675?
True
Is 74 a factor of 569?
False
Is 3 a factor of 282?
True
Is 15 a factor of 259?
False
Is 110 a factor of 4322?
False
Is 394 a multiple of 51?
False
Is 70 a factor of 7490?
True
Is 308 a multiple of 16?
False
Is 454 a multiple of 3?
False
Does 80 divide 960?
True
Is 59 a factor of 767?
True
Is 5182 a multiple of 8?
False
Is 47